{"id":1980,"date":"2020-05-08T15:00:32","date_gmt":"2020-05-08T13:00:32","guid":{"rendered":"http:\/\/spardax.se\/?page_id=1980"},"modified":"2026-01-05T15:09:27","modified_gmt":"2026-01-05T14:09:27","slug":"elementor-1980","status":"publish","type":"page","link":"https:\/\/spardax.se\/?page_id=1980","title":{"rendered":"Kullar"},"content":{"rendered":"\t\t<div data-elementor-type=\"wp-page\" data-elementor-id=\"1980\" class=\"elementor elementor-1980\">\n\t\t\t\t\t\t<section class=\"elementor-section elementor-top-section elementor-element elementor-element-12b9a6a5 elementor-section-boxed elementor-section-height-default elementor-section-height-default\" data-id=\"12b9a6a5\" data-element_type=\"section\" data-settings=\"{&quot;background_background&quot;:&quot;classic&quot;}\">\n\t\t\t\t\t\t\t<div class=\"elementor-background-overlay\"><\/div>\n\t\t\t\t\t\t\t<div class=\"elementor-container elementor-column-gap-default\">\n\t\t\t\t\t<div class=\"elementor-column elementor-col-100 elementor-top-column elementor-element elementor-element-2a4e534b\" data-id=\"2a4e534b\" data-element_type=\"column\">\n\t\t\t<div class=\"elementor-widget-wrap elementor-element-populated\">\n\t\t\t\t\t\t<div class=\"elementor-element elementor-element-459ae77f elementor-widget elementor-widget-heading\" data-id=\"459ae77f\" data-element_type=\"widget\" data-widget_type=\"heading.default\">\n\t\t\t\t<div class=\"elementor-widget-container\">\n\t\t\t\t\t<h1 class=\"elementor-heading-title elementor-size-default\">V\u00e5ra kullar<\/h1>\t\t\t\t<\/div>\n\t\t\t\t<\/div>\n\t\t\t\t\t<\/div>\n\t\t<\/div>\n\t\t\t\t\t<\/div>\n\t\t<\/section>\n\t\t\t\t<section class=\"elementor-section elementor-top-section elementor-element elementor-element-8aef130 elementor-section-boxed elementor-section-height-default elementor-section-height-default\" data-id=\"8aef130\" data-element_type=\"section\">\n\t\t\t\t\t\t<div class=\"elementor-container elementor-column-gap-default\">\n\t\t\t\t\t<div class=\"elementor-column elementor-col-100 elementor-top-column elementor-element elementor-element-2e07b5c\" data-id=\"2e07b5c\" data-element_type=\"column\">\n\t\t\t<div class=\"elementor-widget-wrap\">\n\t\t\t\t\t\t\t<\/div>\n\t\t<\/div>\n\t\t\t\t\t<\/div>\n\t\t<\/section>\n\t\t\t\t<section class=\"elementor-section elementor-top-section elementor-element elementor-element-0dfa1b8 elementor-section-boxed elementor-section-height-default elementor-section-height-default\" data-id=\"0dfa1b8\" data-element_type=\"section\">\n\t\t\t\t\t\t<div class=\"elementor-container elementor-column-gap-default\">\n\t\t\t\t\t\t<\/div>\n\t\t<\/section>\n\t\t\t\t<section class=\"elementor-section elementor-top-section elementor-element elementor-element-834f06b elementor-section-boxed elementor-section-height-default elementor-section-height-default\" data-id=\"834f06b\" data-element_type=\"section\">\n\t\t\t\t\t\t<div class=\"elementor-container elementor-column-gap-default\">\n\t\t\t\t\t<div class=\"elementor-column elementor-col-100 elementor-top-column elementor-element elementor-element-4f89dea\" data-id=\"4f89dea\" data-element_type=\"column\">\n\t\t\t<div class=\"elementor-widget-wrap elementor-element-populated\">\n\t\t\t\t\t\t<div class=\"elementor-element elementor-element-38593fe elementor-position-left elementor-vertical-align-top elementor-widget elementor-widget-image-box\" data-id=\"38593fe\" data-element_type=\"widget\" data-widget_type=\"image-box.default\">\n\t\t\t\t<div class=\"elementor-widget-container\">\n\t\t\t\t\t<div class=\"elementor-image-box-wrapper\"><figure class=\"elementor-image-box-img\"><a href=\"http:\/\/spardax.se\/?page_id=612\" tabindex=\"-1\"><img fetchpriority=\"high\" decoding=\"async\" width=\"709\" height=\"472\" src=\"https:\/\/spardax.se\/wp-content\/uploads\/2013\/03\/8v-AllForLove-2.jpg\" class=\"attachment-full size-full wp-image-665\" alt=\"\" srcset=\"https:\/\/spardax.se\/wp-content\/uploads\/2013\/03\/8v-AllForLove-2.jpg 709w, https:\/\/spardax.se\/wp-content\/uploads\/2013\/03\/8v-AllForLove-2-300x199.jpg 300w, https:\/\/spardax.se\/wp-content\/uploads\/2013\/03\/8v-AllForLove-2-450x299.jpg 450w, https:\/\/spardax.se\/wp-content\/uploads\/2013\/03\/8v-AllForLove-2-700x466.jpg 700w, https:\/\/spardax.se\/wp-content\/uploads\/2013\/03\/8v-AllForLove-2-332x221.jpg 332w\" sizes=\"(max-width: 709px) 100vw, 709px\" \/><\/a><\/figure><div class=\"elementor-image-box-content\"><h3 class=\"elementor-image-box-title\"><a href=\"http:\/\/spardax.se\/?page_id=612\">A-kullen f\u00f6dd 2013-03-02<\/a><\/h3><p class=\"elementor-image-box-description\">e. NO V-13 SE UCH NO UCH Limores Us Marshal<br>u.NORD VV-16 DK W-11 He W-10 C.I.E C.I.B NORD U(v)CH DK U(v)CH LV UCH SE VCH Tavlefj\u00e4rdens Dybczakov\u00e1<\/p><\/div><\/div>\t\t\t\t<\/div>\n\t\t\t\t<\/div>\n\t\t\t\t<div class=\"elementor-element elementor-element-989330e elementor-position-left elementor-vertical-align-top elementor-widget elementor-widget-image-box\" data-id=\"989330e\" data-element_type=\"widget\" data-widget_type=\"image-box.default\">\n\t\t\t\t<div class=\"elementor-widget-container\">\n\t\t\t\t\t<div class=\"elementor-image-box-wrapper\"><figure class=\"elementor-image-box-img\"><a href=\"http:\/\/spardax.se\/?page_id=939\" tabindex=\"-1\"><img decoding=\"async\" width=\"960\" height=\"708\" src=\"https:\/\/spardax.se\/wp-content\/uploads\/2020\/05\/Lina-utst\u00e4llning-valp.jpg\" class=\"attachment-full size-full wp-image-1884\" alt=\"\" srcset=\"https:\/\/spardax.se\/wp-content\/uploads\/2020\/05\/Lina-utst\u00e4llning-valp.jpg 960w, https:\/\/spardax.se\/wp-content\/uploads\/2020\/05\/Lina-utst\u00e4llning-valp-300x221.jpg 300w, https:\/\/spardax.se\/wp-content\/uploads\/2020\/05\/Lina-utst\u00e4llning-valp-450x332.jpg 450w, https:\/\/spardax.se\/wp-content\/uploads\/2020\/05\/Lina-utst\u00e4llning-valp-768x566.jpg 768w\" sizes=\"(max-width: 960px) 100vw, 960px\" \/><\/a><\/figure><div class=\"elementor-image-box-content\"><h3 class=\"elementor-image-box-title\"><a href=\"http:\/\/spardax.se\/?page_id=939\">B-kullen f\u00f6dd 2015-01-26<\/a><\/h3><p class=\"elementor-image-box-description\">e. US CH SE U(V)CH NO UCH SE V-15 NORD W-14 Dash\u2019n Doxies Black Hills Gold<br>u. SE V-19 SE VV-19 DK W-11 He W-10 NORD VV-16 C.I.E C.I.B Tavlefj\u00e4rdens Dybczakov\u00e1<\/p><\/div><\/div>\t\t\t\t<\/div>\n\t\t\t\t<\/div>\n\t\t\t\t<div class=\"elementor-element elementor-element-61a0e54 elementor-position-left elementor-vertical-align-top elementor-widget elementor-widget-image-box\" data-id=\"61a0e54\" data-element_type=\"widget\" data-widget_type=\"image-box.default\">\n\t\t\t\t<div class=\"elementor-widget-container\">\n\t\t\t\t\t<div class=\"elementor-image-box-wrapper\"><figure class=\"elementor-image-box-img\"><a href=\"http:\/\/spardax.se\/?page_id=1121\" tabindex=\"-1\"><img decoding=\"async\" width=\"960\" height=\"662\" src=\"https:\/\/spardax.se\/wp-content\/uploads\/2016\/08\/C-kullen-innan-flytt.jpg\" class=\"attachment-full size-full wp-image-1304\" alt=\"\" srcset=\"https:\/\/spardax.se\/wp-content\/uploads\/2016\/08\/C-kullen-innan-flytt.jpg 960w, https:\/\/spardax.se\/wp-content\/uploads\/2016\/08\/C-kullen-innan-flytt-300x207.jpg 300w, https:\/\/spardax.se\/wp-content\/uploads\/2016\/08\/C-kullen-innan-flytt-768x530.jpg 768w, https:\/\/spardax.se\/wp-content\/uploads\/2016\/08\/C-kullen-innan-flytt-450x310.jpg 450w\" sizes=\"(max-width: 960px) 100vw, 960px\" \/><\/a><\/figure><div class=\"elementor-image-box-content\"><h3 class=\"elementor-image-box-title\"><a href=\"http:\/\/spardax.se\/?page_id=1121\">C-kullen f\u00f6dd 2016-04-04<\/a><\/h3><p class=\"elementor-image-box-description\">e. C.I.B KBH W-13 SE U(V)CH DK UCH&nbsp;Opalina\u2019s Jason Statham<br>u. C.I.E C.I.B SE V-15 NORD U(v)CH FI UCH SE VCH&nbsp;Austria Club JW-12 Tavlefj\u00e4rdens Fanny The Future<\/p><\/div><\/div>\t\t\t\t<\/div>\n\t\t\t\t<\/div>\n\t\t\t\t<div class=\"elementor-element elementor-element-70c30e1 elementor-position-left elementor-vertical-align-top elementor-widget elementor-widget-image-box\" data-id=\"70c30e1\" data-element_type=\"widget\" data-widget_type=\"image-box.default\">\n\t\t\t\t<div class=\"elementor-widget-container\">\n\t\t\t\t\t<div class=\"elementor-image-box-wrapper\"><figure class=\"elementor-image-box-img\"><a href=\"http:\/\/spardax.se\/?page_id=1785\" tabindex=\"-1\"><img loading=\"lazy\" decoding=\"async\" width=\"960\" height=\"640\" src=\"https:\/\/spardax.se\/wp-content\/uploads\/2020\/05\/D-kull-fem-veckor-22.jpg\" class=\"attachment-full size-full wp-image-1961\" alt=\"\" srcset=\"https:\/\/spardax.se\/wp-content\/uploads\/2020\/05\/D-kull-fem-veckor-22.jpg 960w, https:\/\/spardax.se\/wp-content\/uploads\/2020\/05\/D-kull-fem-veckor-22-300x200.jpg 300w, https:\/\/spardax.se\/wp-content\/uploads\/2020\/05\/D-kull-fem-veckor-22-450x300.jpg 450w, https:\/\/spardax.se\/wp-content\/uploads\/2020\/05\/D-kull-fem-veckor-22-768x512.jpg 768w\" sizes=\"(max-width: 960px) 100vw, 960px\" \/><\/a><\/figure><div class=\"elementor-image-box-content\"><h3 class=\"elementor-image-box-title\"><a href=\"http:\/\/spardax.se\/?page_id=1785\">D-kullen f\u00f6dd 2019-03-31<\/a><\/h3><p class=\"elementor-image-box-description\">e. SE U(V)CH FI UCH NO UCH RLDN SE VCH Bevorax Charmiga Crosby<br>u. SE U(V)CH FI UCH NO UCH SE VCH Sp\u00e5rdax Center Of Attention<\/p><\/div><\/div>\t\t\t\t<\/div>\n\t\t\t\t<\/div>\n\t\t\t\t<div class=\"elementor-element elementor-element-1c7ee82 elementor-position-left elementor-vertical-align-top elementor-widget elementor-widget-image-box\" data-id=\"1c7ee82\" data-element_type=\"widget\" data-widget_type=\"image-box.default\">\n\t\t\t\t<div class=\"elementor-widget-container\">\n\t\t\t\t\t<div class=\"elementor-image-box-wrapper\"><figure class=\"elementor-image-box-img\"><a href=\"http:\/\/spardax.se\/?page_id=2424\" tabindex=\"-1\"><img loading=\"lazy\" decoding=\"async\" width=\"1440\" height=\"1080\" src=\"https:\/\/spardax.se\/wp-content\/uploads\/2025\/02\/E-kullen-sover.jpg\" class=\"attachment-full size-full wp-image-3354\" alt=\"\" srcset=\"https:\/\/spardax.se\/wp-content\/uploads\/2025\/02\/E-kullen-sover.jpg 1440w, https:\/\/spardax.se\/wp-content\/uploads\/2025\/02\/E-kullen-sover-300x225.jpg 300w, https:\/\/spardax.se\/wp-content\/uploads\/2025\/02\/E-kullen-sover-450x338.jpg 450w, https:\/\/spardax.se\/wp-content\/uploads\/2025\/02\/E-kullen-sover-768x576.jpg 768w\" sizes=\"(max-width: 1440px) 100vw, 1440px\" \/><\/a><\/figure><div class=\"elementor-image-box-content\"><h3 class=\"elementor-image-box-title\"><a href=\"http:\/\/spardax.se\/?page_id=2424\">E-kullen f\u00f6dd 2019-03-31<\/a><\/h3><p class=\"elementor-image-box-description\">e. SE U(V)CH FI UCH NO UCH Sp\u00e5rlyckans Olle The Best<br>u. SE U(V)CH FI UCH NO UCH SE VCH Sp\u00e5rdax Center Of Attention<\/p><\/div><\/div>\t\t\t\t<\/div>\n\t\t\t\t<\/div>\n\t\t\t\t<div class=\"elementor-element elementor-element-74f45e0 elementor-position-left elementor-vertical-align-top elementor-widget elementor-widget-image-box\" data-id=\"74f45e0\" data-element_type=\"widget\" data-widget_type=\"image-box.default\">\n\t\t\t\t<div class=\"elementor-widget-container\">\n\t\t\t\t\t<div class=\"elementor-image-box-wrapper\"><figure class=\"elementor-image-box-img\"><a href=\"http:\/\/spardax.se\/?page_id=2864\" tabindex=\"-1\"><img loading=\"lazy\" decoding=\"async\" width=\"1440\" height=\"1440\" src=\"https:\/\/spardax.se\/wp-content\/uploads\/2025\/02\/Sony-10-veckor.jpg\" class=\"attachment-full size-full wp-image-3353\" alt=\"\" srcset=\"https:\/\/spardax.se\/wp-content\/uploads\/2025\/02\/Sony-10-veckor.jpg 1440w, https:\/\/spardax.se\/wp-content\/uploads\/2025\/02\/Sony-10-veckor-300x300.jpg 300w, https:\/\/spardax.se\/wp-content\/uploads\/2025\/02\/Sony-10-veckor-450x450.jpg 450w, https:\/\/spardax.se\/wp-content\/uploads\/2025\/02\/Sony-10-veckor-150x150.jpg 150w, https:\/\/spardax.se\/wp-content\/uploads\/2025\/02\/Sony-10-veckor-768x768.jpg 768w\" sizes=\"(max-width: 1440px) 100vw, 1440px\" \/><\/a><\/figure><div class=\"elementor-image-box-content\"><h3 class=\"elementor-image-box-title\"><a href=\"http:\/\/spardax.se\/?page_id=2864\">F-kullen f\u00f6dd 2023-02-09<\/a><\/h3><p class=\"elementor-image-box-description\">e. VIV-24 C.I.B NORDIC CH DK UCH(S) SE U(V)CH NO UCH FI UCH SE VCH Shepard Shandi<br>u. SE U(V)CH FI UCH NO UCH NORDIC CH SE VCH RLDN Sp\u00e5rdax Circle Of Life<\/p><\/div><\/div>\t\t\t\t<\/div>\n\t\t\t\t<\/div>\n\t\t\t\t<div class=\"elementor-element elementor-element-4c97a4a elementor-position-left elementor-vertical-align-top elementor-widget elementor-widget-image-box\" data-id=\"4c97a4a\" data-element_type=\"widget\" data-widget_type=\"image-box.default\">\n\t\t\t\t<div class=\"elementor-widget-container\">\n\t\t\t\t\t<div class=\"elementor-image-box-wrapper\"><figure class=\"elementor-image-box-img\"><a href=\"http:\/\/spardax.se\/?page_id=3156\" tabindex=\"-1\"><img loading=\"lazy\" decoding=\"async\" width=\"2048\" height=\"1536\" src=\"https:\/\/spardax.se\/wp-content\/uploads\/2025\/02\/G-kullen-6-veckor.jpg\" class=\"attachment-full size-full wp-image-3352\" alt=\"\" srcset=\"https:\/\/spardax.se\/wp-content\/uploads\/2025\/02\/G-kullen-6-veckor.jpg 2048w, https:\/\/spardax.se\/wp-content\/uploads\/2025\/02\/G-kullen-6-veckor-300x225.jpg 300w, https:\/\/spardax.se\/wp-content\/uploads\/2025\/02\/G-kullen-6-veckor-450x338.jpg 450w, https:\/\/spardax.se\/wp-content\/uploads\/2025\/02\/G-kullen-6-veckor-768x576.jpg 768w, https:\/\/spardax.se\/wp-content\/uploads\/2025\/02\/G-kullen-6-veckor-1536x1152.jpg 1536w\" sizes=\"(max-width: 2048px) 100vw, 2048px\" \/><\/a><\/figure><div class=\"elementor-image-box-content\"><h3 class=\"elementor-image-box-title\"><a href=\"http:\/\/spardax.se\/?page_id=3156\">G-kullen f\u00f6dd 2024-06-13<\/a><\/h3><p class=\"elementor-image-box-description\">e. VIV-24 C.I.B NORDIC CH DK UCH(S) SE U(V)CH NO UCH FI UCH SE VCH Shepard Shandi<br>u. Sp\u00e5rdax Everything But Trouble<\/p><\/div><\/div>\t\t\t\t<\/div>\n\t\t\t\t<\/div>\n\t\t\t\t\t<\/div>\n\t\t<\/div>\n\t\t\t\t\t<\/div>\n\t\t<\/section>\n\t\t\t\t<\/div>\n\t\t","protected":false},"excerpt":{"rendered":"<p>V\u00e5ra kullar A-kullen f\u00f6dd 2013-03-02 e. NO V-13 SE UCH NO UCH Limores Us Marshalu.NORD VV-16 DK W-11 He W-10 C.I.E C.I.B NORD U(v)CH DK U(v)CH LV UCH SE VCH Tavlefj\u00e4rdens Dybczakov\u00e1 B-kullen f\u00f6dd 2015-01-26 e. US CH SE U(V)CH NO UCH SE V-15 NORD W-14 Dash\u2019n Doxies Black Hills Goldu. SE V-19 SE VV-19 [&hellip;]<\/p>\n","protected":false},"author":1,"featured_media":0,"parent":0,"menu_order":0,"comment_status":"closed","ping_status":"closed","template":"","meta":{"site-sidebar-layout":"no-sidebar","site-content-layout":"page-builder","ast-site-content-layout":"default","site-content-style":"default","site-sidebar-style":"default","ast-global-header-display":"","ast-banner-title-visibility":"","ast-main-header-display":"","ast-hfb-above-header-display":"","ast-hfb-below-header-display":"","ast-hfb-mobile-header-display":"","site-post-title":"disabled","ast-breadcrumbs-content":"","ast-featured-img":"","footer-sml-layout":"","ast-disable-related-posts":"","theme-transparent-header-meta":"enabled","adv-header-id-meta":"","stick-header-meta":"","header-above-stick-meta":"","header-main-stick-meta":"","header-below-stick-meta":"","astra-migrate-meta-layouts":"default","ast-page-background-enabled":"default","ast-page-background-meta":{"desktop":{"background-color":"","background-image":"","background-repeat":"repeat","background-position":"center center","background-size":"auto","background-attachment":"scroll","background-type":"","background-media":"","overlay-type":"","overlay-color":"","overlay-opacity":"","overlay-gradient":""},"tablet":{"background-color":"","background-image":"","background-repeat":"repeat","background-position":"center center","background-size":"auto","background-attachment":"scroll","background-type":"","background-media":"","overlay-type":"","overlay-color":"","overlay-opacity":"","overlay-gradient":""},"mobile":{"background-color":"","background-image":"","background-repeat":"repeat","background-position":"center center","background-size":"auto","background-attachment":"scroll","background-type":"","background-media":"","overlay-type":"","overlay-color":"","overlay-opacity":"","overlay-gradient":""}},"ast-content-background-meta":{"desktop":{"background-color":"var(--ast-global-color-5)","background-image":"","background-repeat":"repeat","background-position":"center center","background-size":"auto","background-attachment":"scroll","background-type":"","background-media":"","overlay-type":"","overlay-color":"","overlay-opacity":"","overlay-gradient":""},"tablet":{"background-color":"var(--ast-global-color-5)","background-image":"","background-repeat":"repeat","background-position":"center center","background-size":"auto","background-attachment":"scroll","background-type":"","background-media":"","overlay-type":"","overlay-color":"","overlay-opacity":"","overlay-gradient":""},"mobile":{"background-color":"var(--ast-global-color-5)","background-image":"","background-repeat":"repeat","background-position":"center center","background-size":"auto","background-attachment":"scroll","background-type":"","background-media":"","overlay-type":"","overlay-color":"","overlay-opacity":"","overlay-gradient":""}},"footnotes":""},"class_list":["post-1980","page","type-page","status-publish","hentry"],"_links":{"self":[{"href":"https:\/\/spardax.se\/index.php?rest_route=\/wp\/v2\/pages\/1980","targetHints":{"allow":["GET"]}}],"collection":[{"href":"https:\/\/spardax.se\/index.php?rest_route=\/wp\/v2\/pages"}],"about":[{"href":"https:\/\/spardax.se\/index.php?rest_route=\/wp\/v2\/types\/page"}],"author":[{"embeddable":true,"href":"https:\/\/spardax.se\/index.php?rest_route=\/wp\/v2\/users\/1"}],"replies":[{"embeddable":true,"href":"https:\/\/spardax.se\/index.php?rest_route=%2Fwp%2Fv2%2Fcomments&post=1980"}],"version-history":[{"count":51,"href":"https:\/\/spardax.se\/index.php?rest_route=\/wp\/v2\/pages\/1980\/revisions"}],"predecessor-version":[{"id":3506,"href":"https:\/\/spardax.se\/index.php?rest_route=\/wp\/v2\/pages\/1980\/revisions\/3506"}],"wp:attachment":[{"href":"https:\/\/spardax.se\/index.php?rest_route=%2Fwp%2Fv2%2Fmedia&parent=1980"}],"curies":[{"name":"wp","href":"https:\/\/api.w.org\/{rel}","templated":true}]}}